number?
False
Is 1322317 a prime number?
True
Is 1309403 composite?
True
Is 224099 composite?
True
Is 11027 prime?
True
Is 25339 prime?
True
Is 1271 composite?
True
Is 631751 prime?
True
Is 194239 prime?
True
Is 192813 composite?
True
Is 1749991 a prime number?
True
Is 4877341 a prime number?
False
Is 8597 a prime number?
True
Is 1009397 a prime number?
False
Is 31307 prime?
True
Is 4049 a prime number?
True
Is 2245967 prime?
False
Is 154667 a prime number?
True
Is 2672357 prime?
True
Is 5227 a prime number?
True
Is 1553 a composite number?
False
Is 94229 a prime number?
True
Is 22501 a prime number?
True
Is 8329 a composite number?
False
Is 3683 prime?
False
Is 12403 prime?
False
Is 2741549 composite?
True
Is 1079905 a prime number?
False
Is 15415 composite?
True
Is 6521 composite?
False
Is 121843 a prime number?
True
Is 10427 a prime number?
True
Is 58 composite?
True
Is 61651 prime?
True
Is 16603 a composite number?
False
Is 352181 prime?
True
Is 1019087 a composite number?
True
Is 1119 composite?
True
Is 377 a composite number?
True
Is 255571 composite?
False
Is 160903 a prime number?
True
Is 8117 prime?
True
Is 182615 a prime number?
False
Is 44017 prime?
True
Is 158857 composite?
True
Is 87257 prime?
True
Is 5839 composite?
False
Is 122333 a prime number?
False
Is 13829 a composite number?
False
Is 15161 prime?
True
Is 175217 composite?
True
Is 142523 prime?
False
Is 112459 a prime number?
True
Is 13027 prime?
False
Is 35971 composite?
True
Is 118039 a prime number?
False
Is 92693 prime?
True
Is 1121 a composite number?
True
Is 3433 prime?
True
Is 30449 a composite number?
False
Is 9923 a composite number?
False
Is 24673 composite?
True
Is 454303 a prime number?
True
Is 78877 prime?
True
Is 3047 a prime number?
False
Is 109807 prime?
True
Is 439541 composite?
False
Is 160705 a prime number?
False
Is 182089 prime?
True
Is 149741 prime?
False
Is 241489 a composite number?
False
Is 3989 a prime number?
True
Is 185671 composite?
True
Is 76283 prime?
True
Is 390151 a prime number?
True
Is 875201 a prime number?
True
Is 3943 a prime number?
True
Is 85706 a composite number?
True
Is 717031 a composite number?
True
Is 1535 a prime number?
False
Is 288019 prime?
False
Is 7499 prime?
True
Is 3287 a prime number?
False
Is 26911 a composite number?
True
Is 6122 a prime number?
False
Is 8663 a composite number?
False
Is 339211 a prime number?
True
Is 4271 composite?
False
Is 9327 prime?
False
Is 5272501 prime?
False
Is 3377 composite?
True
Is 140827 a composite number?
False
Is 21269 prime?
True
Is 1861 a prime number?
True
Is 315487 composite?
True
Is 1181426 composite?
True
Is 66497 prime?
False
Is 271191 prime?
False
Is 12323 a composite number?
False
Is 33665 a composite number?
True
Is 12039 a composite number?
True
Is 11389 a prime number?
False
Is 565053 prime?
False
Is 917261 a prime number?
False
Is 14983 composite?
False
Is 633 a composite number?
True
Is 85881 a prime number?
False
Is 25417 prime?
False
Is 140333 prime?
True
Is 7159 a prime number?
True
Is 38945 prime?
False
Is 3946 a composite number?
True
Is 153839 a prime number?
False
Is 167801 a prime number?
True
Is 270527 a composite number?
False
Is 66279 a composite number?
True
Is 969303 prime?
False
Is 20681 a composite number?
False
Is 18301 composite?
False
Is 17245 a composite number?
True
Is 8341 prime?
False
Is 987985 a prime number?
False
Is 3142 prime?
False
Is 719809 a composite number?
True
Is 54227 prime?
False
Is 2681713 a prime number?
True
Is 468803 composite?
False
Is 330179 composite?
True
Is 436787 composite?
True
Is 108791 composite?
False
Is 59611 a prime number?
True
Is 12407 composite?
True
Is 326083 prime?
True
Is 129211 a composite number?
True
Is 10483 prime?
False
Is 486773 a composite number?
True
Is 285149 prime?
False
Is 1186201 prime?
False
Is 1631 a composite number?
True
Is 45631 a composite number?
False
Is 38851 composite?
False
Is 99319 a composite number?
True
Is 13033 prime?
True
Is 1151 composite?
False
Is 116987 a composite number?
True
Is 39971 a composite number?
False
Is 28277 a composite number?
False
Is 2395 a composite number?
True
Is 17011 a prime number?
True
Is 158561 composite?
True
Is 190181 a prime number?
True
Is 3203 prime?
True
Is 14431 a composite number?
False
Is 60019 a composite number?
True
Is 479333 a prime number?
False
Is 8887 a prime number?
True
Is 257519 composite?
False
Is 123953 a prime number?
True
Is 5179 a prime number?
True
Is 20563 a prime number?
True
Is 29179 prime?
True
Is 86937 composite?
True
Is 667 composite?
True
Is 7627 composite?
True
Is 81749 composite?
False
Is 685 prime?
False
Is 1690579 composite?
True
Is 235633 prime?
False
Is 77353 composite?
True
Is 17859 composite?
True
Is 10061 composite?
False
Is 332897 a prime number?
False
Is 15787 a composite number?
False
Is 1436557 a prime number?
False
Is 160289 prime?
False
Is 4091 composite?
False
Is 8501 prime?
True
Is 3894019 composite?
False
Is 2411 composite?
False
Is 524701 composite?
False
Is 41887 composite?
False
Is 111653 a composite number?
False
Is 91349 a composite number?
True
Is 1961 composite?
True
Is 1253618 a prime number?
False
Is 88762 a prime number?
False
Is 71999 a composite number?
False
Is 493 a prime number?
False
Is 55961 a composite number?
True
Is 59881 a prime number?
False
Is 247201 a prime number?
True
Is 5833 composite?
True
Is 1207 prime?
False
Is 106589 prime?
False
Is 79327 prime?
False
Is 2707 a prime number?
True
Is 3947 composite?
False
Is 490057 prime?
True
Is 65371 a prime number?
True
Is 6847 a composite number?
True
Is 11301 prime?
False
Is 41579 composite?
False
Is 200273 prime?
True
Is 8927 prime?
False
Is 509597 a composite number?
True
Is 200843 composite?
False
Is 1361 composite?
False
Is 149371 a prime number?
True
Is 5855 prime?
False
Is 42481 a prime number?
False
Is 9029 a composite number?
False
Is 8497 a composite number?
True
Is 44617 a composite number?
False
Is 14567 a composite number?
True
Is 681209 prime?
False
Is 94871 composite?
True
Is 302215 composite?
True
Is 2159 a prime number?
False
Is 3853247 prime?
True
Is 13063 prime?
True
Is 382021 prime?
True
Is 155039 a prime number?
False
Is 40897 composite?
False
Is 545087 a prime number?
True
Is 122063 prime?
False
Is 81841 a prime number?
False
Is 155059 a prime number?
False
Is 264259 composite?
True
Is 25931 composite?
False
Is 297473 prime?
False
Is 8951 composite?
False
Is 228529 a composite number?
True
Is 12149 prime?
True
Is 565853 a composite number?
True
Is 1310279 a composite number?
False
Is 404419 a composite number?
False
Is 3203 a composite number?
False
Is 6887 a prime number?
False
Is 4861 a prime number?
True
Is 2819 composite?
False
Is 10099 a prime number?
True
Is 218303 prime?
False
Is 170111 a prime number?
True
Is 367855 prime?
False
Is 175211 composite?
False
Is 65339 prime?
False
Is 13085 a composite number?
True
Is 103723 prime?
True
Is 166435 prime?
False
Is 16963 a prime number?
True
Is 55243 a composite number?
False
Is 1783 prime?
True
Is 28399 a composite number?
True
Is 22339 a prime number?
False
Is 9479351 composite?
True
Is 11901 prime?
False
Is 175621 composite?
False
Is 9094 prime?
False
Is 458089 prime?
False
Is 10133 a composite number?
False
Is 17035 prime?
False
Is 82581 composite?
True
Is 46049 composite?
False
Is 12419 prime?
False
Is 22873 composite?
True
Is 62233 a composite number?
False
Is 1001659 a prime number?
True
Is 1676383 a composite number?
False
Is 48053 a composite number?
True
Is 752357 prime?
False
Is 301171 a composite number?
True
Is 803347 prime?
True
Is 15227 a prime number?
True
Is 2491 a prime number?
False
Is 13749 a composite number?
True
Is 56591 prime?
True
Is 447401 a prime number?
True
Is 647 prime?
True
Is 47681 composite?
False
Is 81311 prime?
False
Is 74843 composite?
False
Is 55 composite?
True
Is 1323659 composite?
False
Is 219319 a prime number?
False
Is 132313 composite?
False
Is 16313 composite?
True
Is 9793 composite?
True
Is 114613 prime?
True
Is 7187 a prime number?
True
Is 6117 composite?
True
Is 120149 a composite number?
True
Is 761309 prime?
False
Is 558659 prime?
False
Is 224149 a composite number?
False
Is 15971 a prime number?
True
Is 121039 a compos